2) to base 10
2579266
Convert -142117 (base 8) to base 6.
-1024355
What is -260296 (base 10) in base 12?
-106774
Convert -3e6d33 (base 15) to base 8.
-13367062
Convert 10106a9 (base 12) to base 2.
1011011110010011100001
581333 (base 10) to base 14
111bdb
What is 465a95 (base 12) in base 10?
1129937
-100110001100000011111111 (base 2) to base 4
-212030003333
Convert -addf (base 16) to base 7.
-243525
What is 11101001011101011 (base 2) in base 8?
351353
Convert -91bb7 (base 16) to base 15.
-bbce9
2520332 (base 9) to base 15
1c159b
What is 26785 (base 14) in base 16?
17241
100042242 (base 5) to base 10
393447
What is -340304330 (base 5) in base 15?
-1e7b7a
-1400a43 (base 11) to base 6
-123445530
-18ed4 (base 16) to base 5
-11231400
-5601334 (base 8) to base 2
-101110000001011011100
-799637 (base 12) to base 15
-286407
What is 1001011110111111001 (base 2) in base 13?
ab5bc
-1100111010100001100110 (base 2) to base 3
-20100222221220
-209794 (base 12) to base 16
-7d920
14344120 (base 5) to base 16
255cb
What is -43543502 (base 6) in base 12?
-52ab92
-4350 (base 6) to base 7
-2631
-11101001100100001101 (base 2) to base 15
-13d6e0
100101111100001011101 (base 2) to base 13
346b50
Convert -c8ed18 (base 15) to base 4.
-210133313102
10023312224 (base 5) to base 3
200202222200222
86040 (base 11) to base 3
20100200111
a45a3 (base 15) to base 8
1771504
What is -5626566 (base 10) in base 12?
-1a74146
What is -362704 (base 8) in base 3?
-20022120210
27a79 (base 14) to base 8
277473
Convert 5b604 (base 16) to base 11.
236221
-a097 (base 12) to base 6
-212311
-10110300033 (base 4) to base 16
-114c0f
-110010010111111101001 (base 2) to base 3
-10002212021202
Convert -554490 (base 13) to base 15.
-29a336
What is 364487 (base 10) in base 5?
43130422
-237a5 (base 16) to base 3
-21101100010
What is 201321033 (base 5) in base 9?
1460781
-276183 (base 9) to base 16
-2926b
-5140140 (base 6) to base 13
-88152
Convert c8997 (base 15) to base 7.
5261113
What is -3206580 (base 10) in base 5?
-1310102310
Convert 41033162 (base 7) to base 11.
1a26674
Convert ccb1 (base 15) to base 5.
2341431
What is -185667 (base 9) in base 14?
-30265
What is 43304124 (base 5) in base 4?
1122022021
Convert -5430330 (base 6) to base 14.
-6db54
312289 (base 10) to base 13
ac1b3
What is -267368 (base 10) in base 14?
-6d61a
-2101212121 (base 4) to base 5
-123041002
What is 111210200010 (base 4) in base 14?
a72992
Convert -26423 (base 14) to base 6.
-2003411
Convert -660139 (base 10) to base 9.
-1215477
What is -2320311101 (base 4) in base 10?
-757073
-1000010010011011000 (base 2) to base 14
-70d84
10100110001101111 (base 2) to base 14
2302b
Convert 246159 (base 11) to base 6.
12200101
2def48 (base 16) to base 3
12122221110102
What is -132ae (base 16) in base 2?
-10011001010101110
4a061 (base 14) to base 7
1353151
What is 11188 (base 14) in base 15?
c451
Convert -1100011100011111100 (base 2) to base 5.
-101022204
Convert 1b86c5 (base 15) to base 6.
44453505
What is 14606131 (base 8) in base 9?
6258138
What is 1100101010101001011011 (base 2) in base 5?
1322223121
Convert -1b1c55 (base 14) to base 6.
-32410123
Convert -1322223332 (base 4) to base 8.
-1725376
What is 2100121122200 (base 3) in base 4?
10301231022
Convert 14770620 (base 9) to base 7.
116426346
What is 4605350 (base 7) in base 12?
23795b
Convert 46370524 (base 8) to base 4.
212133011110
Convert 132903 (base 11) to base 3.
101121022200
-434063 (base 7) to base 3
-10212001012
What is 21102020122 (base 3) in base 4?
203220323
Convert 3931a4a (base 12) to base 8.
52755632
Convert -310323 (base 5) to base 2.
-10011101101000
Convert 186256 (base 9) to base 6.
2253340
210010002111 (base 3) to base 6
12524021
486633 (base 10) to base 15
992c3
What is -3354004 (base 6) in base 12?
-82904
What is 322514 (base 9) in base 5?
22122040
Convert 102360 (base 8) to base 15.
a13c
Convert 201203121 (base 4) to base 12.
67649
Convert 754264 (base 9) to base 3.
211211022011
What is 83449 (base 10) in base 5?
10132244
Convert -3996a01 (base 11) to base 16.
-695d14
Convert 487884 (base 10) to base 14.
c9b2c
a645b0 (base 16) to base 6
1025320120
Convert -6a4993 (base 11) to base 15.
-171956
What is -58363 (base 12) in base 2?
-11100110011111011
Convert -1a5230 (base 12) to base 3.
-212122002000
What is -33410345 (base 6) in base 11?
-631625
Convert -1357368 (base 9) to base 10.
-746801
What is 432422 (base 6) in base 2?
1000101011111110
Convert -1039670 (base 11) to base 16.
-1be5aa
Convert -1331343441 (base 5) to base 16.
-33afeb
-137591 (base 10) to base 5
-13400331
Convert -2458760 (base 10) to base 2.
-1001011000010010001000
-15b075 (base 12) to base 6
-11544225
What is -35716 (base 14) in base 11?
-89a3a
-236017 (base 11) to base 5
-43432104
What is 43b7d (base 15) in base 5?
23341333
Convert 32722511 (base 9) to base 13.
3387b74
What is 1538525 (base 14) in base 8?
47404205
What is -5043445 (base 6) in base 14?
-632bb
4053757 (base 8) to base 16
1057ef
What is -1000002311 (base 4) in base 15?
-52ad5
-255b1 (base 15) to base 4
-131021320
Convert -6414 (base 16) to base 13.
-b87a
What is 64590a (base 12) in base 8?
6031332
666356 (base 8) to base 16
36cee
Convert 200022202220 (base 3) to base 16.
580f2
Convert -25240020 (base 6) to base 10.
-813900
Convert -48880 (base 11) to base 5.
-4222033
Convert 150442425 (base 6) to base 15.
4184a2
2434323234 (base 5) to base 12
1b26bb2
-268436 (base 11) to base 15
-84b99
What is 14386 (base 16) in base 7?
463315
-100102221100201 (base 3) to base 9
-10387321
What is 113222231010 (base 4) in base 9?
12605536
What is 10100011110110111 (base 2) in base 15?
19cd0
11404757 (base 9) to base 10
5554141
Convert -100110101101011111100 (base 2) to base 15.
-1a0ca1
Convert -34a69 (base 13) to base 12.
-47848
-10403352 (base 6) to base 14
-818d6
10103310333 (base 4) to base 7
12413565
-1263048 (base 9) to base 15
-d9bab
41266 (base 11) to base 10
60209
Convert 9033a (base 13) to base 15.
514da
What is -63075116 (base 8) in base 12?
-45a3012
Convert -230332100 (base 4) to base 14.
-4b1ba
What is 155551052 (base 6) in base 13?
9076bb
571114 (base 9) to base 14
8c8c3
Convert -167483b (base 12) to base 5.
-2141212424
Convert -160033 (base 7) to base 13.
-112ab
Convert -700cbd (base 15) to base 10.
-5318503
What is -2b589 (base 13) in base 7?
-461534
3044243002 (base 5) to base 14
b87486
Convert -111010010001101101110111 (base 2) to base 4.
-322101231313
Convert 100100111100001111100 (base 2) to base 11.
757508
411300 (base 5) to base 12
7865
Convert -142b31 (base 14) to base 4.
-2222230213
-6602013 (base 7) to base 6
-25150040
-2318817 (base 9) to base 8
-4617336
Convert -4021372 (base 9) to base 15.
-2c40b8
What is 31551443 (base 6) in base 12?
38b583
Convert 10012020001110 (base 3) to base 14.
3226d1
What is 110860 (base 9) in base 3?
10100222000
What is -10000001101110100101 (base 2) in base 3?
-222222220012
-5600606 (base 7) to base 10
-689387
Convert 3747554 (base 10) to base 4.
32102323202
112121112012121 (base 3) to base 15
a35d24
-143002001 (base 5) to base 13
-203648
Convert 101110100111000101110011 (base 2) to base 12.
4113043
33142300 (base 5) to base 9
476861
Convert 1101110011000001101 (base 2) to base 9.
758153
What is 42ae5 (base 15) in base 16?
33b03
2db2c (base 15) to base 16
240ba
What is -5a72 (base 14) in base 4?
-3312210
What is 1156187 (base 9) in base 14?
124b2d
Convert 57bb9 (base 15) to base 12.
115833
What is 4012105 (base 6) in base 10?
188393
What is 34741d (base 15) in base 10?
2505178
Convert 213033110 (base 4) to base 10.
160724
Convert 300223203030 (base 4) to base 6.
1133304020
What is 202101230 (base 4) in base 10?
140396
Convert 296ce0 (base 16) to base 10.
2714848
102032013 (base 4) to base 7
430404
11211110111021 (base 3) to base 8
11627330
What is 63258 (base 15) in base 13?
b0153
Convert -1110001110010101001101 (base 2) to base 8.
-16162515
Convert -444e4a (base 16) to base 4.
-101010321022
-244502235 (base 6) to base 10
-4705007
Convert -12111122202 (base 3) to base 4.
-122131103
What is 46001376 (base 8) in base 13?
20aa620
What is 396790 (base 12) in base 2?
11100110100111011100
532136 (base 7) to base 16
16760
What is -12a57 (base 11) in base 9?
-27428
213555454 (base 6) to base 8
1646013